{"id":16825,"date":"2023-12-14T21:14:59","date_gmt":"2023-12-14T20:14:59","guid":{"rendered":"http:\/\/syv.ch\/?page_id=16825"},"modified":"2025-08-21T08:40:16","modified_gmt":"2025-08-21T06:40:16","slug":"vereinsgeschichte","status":"publish","type":"page","link":"https:\/\/syv.ch\/de\/vereinsgeschichte\/","title":{"rendered":"Vereinsgeschichte"},"content":{"rendered":"\n<h3 class=\"wp-block-heading\">Vereinsgeschichte<\/h3>\n\n\n\n<hr class=\"wp-block-separator has-alpha-channel-opacity\"\/>\n\n\n\n<div style=\"height:10px\" aria-hidden=\"true\" class=\"wp-block-spacer\"><\/div>\n\n\n\n<p><strong>Kleiner R\u00fcckblick auf den Beginn des SYV vor 20 Jahren<\/strong>, anl\u00e4sslich des 20-j\u00e4hrigen Bestehens des Vereins am 20.4.2023<br><br>Im Januar 2002 bekam ich einen Anruf von Dr. Michael Buchmann. Es ging um Lamas und nebenbei kamen wir auf Yaks zu sprechen. Er sagte mir, dass ihm Sepp Zgraggen gesagt habe, dass es doch wichtig w\u00e4re, einen Yakz\u00fcchterverein zu gr\u00fcnden. Genau das h\u00e4tten Dani Wismer, Sonja Mathis, mein Mann Erwin und ich auch vor, gab ich ihm zur Antwort. Da ich aber hoch schwanger mit unserem dritten Kind war, m\u00fcsse das nun noch kurz warten, bis das Kind geboren und ich wieder fit genug sei, die Sache an die Hand zu nehmen. Einige Wochen sp\u00e4ter setzte ich mich mit Dr. Michael Buchmann wieder in Verbindung. Er war damals bei der Landwirtschaftlichen Beratungszentrale Lindau, sp\u00e4ter hie\u00df es Agridea, f\u00fcr die Nischentierhaltung zust\u00e4ndig. Er hatte bei der Gr\u00fcndung des Straussenzucht-, Lamazucht- und des Hirschzuchtvereins mitgeholfen. Somit der richtige Mann f\u00fcr uns. Michael Buchmann kann heute leider nicht anwesend sein und l\u00e4sst sich entschuldigen. Er hat sich sehr dar\u00fcber gefreut, dass wir ihn f\u00fcr heute eingeladen haben.<br>Mit Michaels Hilfe organisierten wir am 16. November 2002 ein erstes Treffen von Yakhaltern, welche wir ausfindig gemacht hatten, im Restaurant Altkirch in Andermatt. Dabei ging es darum herauszufinden, ob gen\u00fcgend Interessenten f\u00fcr einen Verein zu finden seien. Bei der gut besuchten Veranstaltung beschlossen wir, die Gr\u00fcndung eines Yakhaltervereins in Angriff zu nehmen. Wetterm\u00e4ssig stand das Treffen unter einem schlechten Stern. Es herrschten seit dem Vormittag in den Alpen Unwetter. Kurz nach Mittag hiess es, dass der Oberalppass wegen Schneesturm geschlossen sei und die Sch\u00f6llenen in einer Stunde auch geschlossen w\u00fcrde. Fast fluchtartig verliessen alle Andermatt. Erwin und ich waren am Morgen mit unserer kleinen Mia, die ich dabeihatte, weil ich sie noch stillte, mit dem Zug \u00fcber den Oberalppass gekommen. Da der Pass geschlossen war, blieb nur der Weg runter durch die Sch\u00f6llenen. J\u00fcrg Bernhard aus Schmitten war zum Gl\u00fcck mit dem Auto gekommen und nahm Gwerders und uns mit. Mit M\u00fche und Not schafften wir es, inzwischen bereits im Dunkeln, nach Ilanz zu unserem Auto. Das Safiental aber war geschlossen. Wegen diversen Erdrutschen war die Stra\u00dfe unpassierbar. Oh Schreck! Zu Hause wartet ein Stall voller Tiere und das Nani mit den Br\u00fcdern von Mia. Nani musste mit den kleinen Buben zusammen das F\u00fcttern hinbekommen und wir mussten ins Nachbartal zum Opa f\u00fcr die Nacht. Am anderen Morgen sind wir dann mit ausgeliehenen Bergschuhen, da wir ja nur die leichten Ausgangschuhe anhatten und Mia im Tragetuch, zu Fuss \u00fcber den Glaspass zur\u00fcck nach Safien Platz gewandert. Die Strasse ins Safiental blieb zwei Wochen gesperrt. Soweit zum turbulenten Start aus meiner Sicht.<br>Nach ziemlich viel Vorarbeit fand am 5. April 2003 die Gr\u00fcndungsversammlung des SYV in Illnau\/Effretikon, geleitet durch den Tagespr\u00e4sidenten Dr. Michael Buchmann, statt. Anwesend waren total 25 Personen, 15 davon wurden zu den ersten Aktivmitgliedern des SYV. An dieser Gr\u00fcndungsversammlung wurde Daniel Wismer aus Emd als Pr\u00e4sident gew\u00e4hlt. Adrian Regli aus Andermatt, J\u00fcrg Bernhard aus Schmitten, Bruno Ottinger aus Oberweningen und Angelika Bandli aus Safien Platz wurden in Globo gew\u00e4hlt. Die erste Vorstandsitzung findet am 3.6. 2003 bei Adrian zu Hause statt. In dieser Sitzung waren alle f\u00fcnf gew\u00e4hlten Vorstandmitglieder sowie Dr. Michael Buchmann anwesend. Die Vorstands\u00e4mter wurden verteilt. Daniel Wismer stand als Pr\u00e4sident von der Gr\u00fcndungsversammlung gew\u00e4hlt fest. Adrian Regli wurde Vizepr\u00e4sident, J\u00fcrg Bernhard Kassier, Bruno Ottinger Herdebuchf\u00fchrer und Angelika Bandli Aktuarin. Der Verein musste von Grund auf organisiert werden. Ausser den Statuten, welche wir f\u00fcr die Gr\u00fcndungsversammlung bereits gemacht hatten, brauchte es einfach alles. Es galt z.B., ein Vereinslogo zu kreieren. Dieses habe ich von Hand gezeichnet, Dani hat den Tibetischen Schriftzug f\u00fcr Yak organisiert und mit Michael zusammen haben wir es digitalisiert. Ein Bankkonto musste er\u00f6ffnet werden, Anmeldeformulare f\u00fcr Mitglieder gestaltet werden, sowie einen Internetauftritt generiert, damit man uns \u00fcberhaupt finden konnte. Bruno hatte die Herkulesaufgabe, ein Herdebuch zu machen. Er suchte nach einer Organisation f\u00fcr die Herdebuchsoftware und einen Ort, wo wir DNA-Analysen machen lassen konnten. Wir mussten ein Herdebuchreglement aufstellen, den Rassestandard und das Zuchtziel formulieren, sowie Haltungsrichtlinien ausarbeiten. Da die Schweiz das einzige Land der Welt ist, welches ein Herdebuch f\u00fcr Yaks f\u00fchrt, konnten wir nirgends einfach alles \u00fcbernehmen. Es war uns nur m\u00f6glich, bei anderen Organisationen zu schauen, wie sie es machen, und dann f\u00fcr unsere yak-spezifischen Zwecke selbst neugestalten. Es war extrem viel Arbeit zu leisten. Alle waren aber mit viel Energie und Freude dabei.<br>Die erste GV nach der Gr\u00fcndungsversammlung fand am 17.04.2004 in Illnau\/Effretikon statt. Es waren 27 Personen anwesend, davon waren es 15 Aktivmitglieder. Das erste Yakhaltertreffen fand am 9.\/10. Oktober 2004 bei J\u00fcrg Bernhard auf der Schmittneralp statt. Die 2. GV war von 29 Personen, davon 16 Aktivmitglieder und 2 Passivmitglieder, besucht und fand bereits in Olten statt. Das 2. Yakhaltertreffen fand am 8. Oktober 2005 bei Doris und D\u00f6lf Christen in Grafenort statt. Also am selben Ort wie das letztj\u00e4hrige Yakhaltertreffen (11. September 2022).<br>Heute z\u00e4hlt der Verein 77 Mitglieder, davon sind 67 Aktivmitglieder. Die Zahl der Aktivmitglieder hat sich mehr als vervierfacht.<br>Die inzwischen gut 20 Jahre vergingen f\u00fcr mich wie im Flug. Deutlich wie lange die Zeit eigentlich wirklich war, zeigt mir unsere Tochter Mia, welche inzwischen 21 Jahre alt ist und bei der Orientierungsversammlung in Andermatt gerade mal gut 8 Monate alt war. Das Feuer der Begeisterung f\u00fcr die Yaks brennt in mir nach wie vor. Gibt es etwas Sch\u00f6neres, als bei Sonnenuntergang zu oberst auf der Alp zwischen der friedlich grasenden Yakherde zu sitzen, w\u00e4hrend das Tal unten schon im Schatten ist?<br><br><em>Safien, im April 2023 Angelika Bandli<\/em><\/p>\n","protected":false},"excerpt":{"rendered":"<p>Vereinsgeschichte Kleiner R\u00fcckblick auf den Beginn des SYV vor 20 Jahren, anl\u00e4sslich des 20-j\u00e4hrigen Bestehens des Vereins am 20.4.2023 Im Januar 2002 bekam ich einen Anruf von Dr. Michael Buchmann. Es ging um Lamas und nebenbei kamen wir auf Yaks zu sprechen. Er sagte mir, dass ihm Sepp Zgraggen gesagt habe, dass es doch wichtig [&hellip;]<\/p>\n","protected":false},"author":2,"featured_media":0,"parent":0,"menu_order":0,"comment_status":"closed","ping_status":"closed","template":"","meta":{"footnotes":""},"class_list":["post-16825","page","type-page","status-publish","hentry"],"_links":{"self":[{"href":"https:\/\/syv.ch\/de\/wp-json\/wp\/v2\/pages\/16825","targetHints":{"allow":["GET"]}}],"collection":[{"href":"https:\/\/syv.ch\/de\/wp-json\/wp\/v2\/pages"}],"about":[{"href":"https:\/\/syv.ch\/de\/wp-json\/wp\/v2\/types\/page"}],"author":[{"embeddable":true,"href":"https:\/\/syv.ch\/de\/wp-json\/wp\/v2\/users\/2"}],"replies":[{"embeddable":true,"href":"https:\/\/syv.ch\/de\/wp-json\/wp\/v2\/comments?post=16825"}],"version-history":[{"count":7,"href":"https:\/\/syv.ch\/de\/wp-json\/wp\/v2\/pages\/16825\/revisions"}],"predecessor-version":[{"id":19376,"href":"https:\/\/syv.ch\/de\/wp-json\/wp\/v2\/pages\/16825\/revisions\/19376"}],"wp:attachment":[{"href":"https:\/\/syv.ch\/de\/wp-json\/wp\/v2\/media?parent=16825"}],"curies":[{"name":"wp","href":"https:\/\/api.w.org\/{rel}","templated":true}]}}

<h3 class="wp-block-heading">Vereinsgeschichte</h3>



<hr class="wp-block-separator has-alpha-channel-opacity"/>



<div style="height:10px" aria-hidden="true" class="wp-block-spacer"></div>



<p><strong>Kleiner Rückblick auf den Beginn des SYV vor 20 Jahren</strong>, anlässlich des 20-jährigen Bestehens des Vereins am 20.4.2023<br><br>Im Januar 2002 bekam ich einen Anruf von Dr. Michael Buchmann. Es ging um Lamas und nebenbei kamen wir auf Yaks zu sprechen. Er sagte mir, dass ihm Sepp Zgraggen gesagt habe, dass es doch wichtig wäre, einen Yakzüchterverein zu gründen. Genau das hätten Dani Wismer, Sonja Mathis, mein Mann Erwin und ich auch vor, gab ich ihm zur Antwort. Da ich aber hoch schwanger mit unserem dritten Kind war, müsse das nun noch kurz warten, bis das Kind geboren und ich wieder fit genug sei, die Sache an die Hand zu nehmen. Einige Wochen später setzte ich mich mit Dr. Michael Buchmann wieder in Verbindung. Er war damals bei der Landwirtschaftlichen Beratungszentrale Lindau, später hieß es Agridea, für die Nischentierhaltung zuständig. Er hatte bei der Gründung des Straussenzucht-, Lamazucht- und des Hirschzuchtvereins mitgeholfen. Somit der richtige Mann für uns. Michael Buchmann kann heute leider nicht anwesend sein und lässt sich entschuldigen. Er hat sich sehr darüber gefreut, dass wir ihn für heute eingeladen haben.<br>Mit Michaels Hilfe organisierten wir am 16. November 2002 ein erstes Treffen von Yakhaltern, welche wir ausfindig gemacht hatten, im Restaurant Altkirch in Andermatt. Dabei ging es darum herauszufinden, ob genügend Interessenten für einen Verein zu finden seien. Bei der gut besuchten Veranstaltung beschlossen wir, die Gründung eines Yakhaltervereins in Angriff zu nehmen. Wettermässig stand das Treffen unter einem schlechten Stern. Es herrschten seit dem Vormittag in den Alpen Unwetter. Kurz nach Mittag hiess es, dass der Oberalppass wegen Schneesturm geschlossen sei und die Schöllenen in einer Stunde auch geschlossen würde. Fast fluchtartig verliessen alle Andermatt. Erwin und ich waren am Morgen mit unserer kleinen Mia, die ich dabeihatte, weil ich sie noch stillte, mit dem Zug über den Oberalppass gekommen. Da der Pass geschlossen war, blieb nur der Weg runter durch die Schöllenen. Jürg Bernhard aus Schmitten war zum Glück mit dem Auto gekommen und nahm Gwerders und uns mit. Mit Mühe und Not schafften wir es, inzwischen bereits im Dunkeln, nach Ilanz zu unserem Auto. Das Safiental aber war geschlossen. Wegen diversen Erdrutschen war die Straße unpassierbar. Oh Schreck! Zu Hause wartet ein Stall voller Tiere und das Nani mit den Brüdern von Mia. Nani musste mit den kleinen Buben zusammen das Füttern hinbekommen und wir mussten ins Nachbartal zum Opa für die Nacht. Am anderen Morgen sind wir dann mit ausgeliehenen Bergschuhen, da wir ja nur die leichten Ausgangschuhe anhatten und Mia im Tragetuch, zu Fuss über den Glaspass zurück nach Safien Platz gewandert. Die Strasse ins Safiental blieb zwei Wochen gesperrt. Soweit zum turbulenten Start aus meiner Sicht.<br>Nach ziemlich viel Vorarbeit fand am 5. April 2003 die Gründungsversammlung des SYV in Illnau/Effretikon, geleitet durch den Tagespräsidenten Dr. Michael Buchmann, statt. Anwesend waren total 25 Personen, 15 davon wurden zu den ersten Aktivmitgliedern des SYV. An dieser Gründungsversammlung wurde Daniel Wismer aus Emd als Präsident gewählt. Adrian Regli aus Andermatt, Jürg Bernhard aus Schmitten, Bruno Ottinger aus Oberweningen und Angelika Bandli aus Safien Platz wurden in Globo gewählt. Die erste Vorstandsitzung findet am 3.6. 2003 bei Adrian zu Hause statt. In dieser Sitzung waren alle fünf gewählten Vorstandmitglieder sowie Dr. Michael Buchmann anwesend. Die Vorstandsämter wurden verteilt. Daniel Wismer stand als Präsident von der Gründungsversammlung gewählt fest. Adrian Regli wurde Vizepräsident, Jürg Bernhard Kassier, Bruno Ottinger Herdebuchführer und Angelika Bandli Aktuarin. Der Verein musste von Grund auf organisiert werden. Ausser den Statuten, welche wir für die Gründungsversammlung bereits gemacht hatten, brauchte es einfach alles. Es galt z.B., ein Vereinslogo zu kreieren. Dieses habe ich von Hand gezeichnet, Dani hat den Tibetischen Schriftzug für Yak organisiert und mit Michael zusammen haben wir es digitalisiert. Ein Bankkonto musste eröffnet werden, Anmeldeformulare für Mitglieder gestaltet werden, sowie einen Internetauftritt generiert, damit man uns überhaupt finden konnte. Bruno hatte die Herkulesaufgabe, ein Herdebuch zu machen. Er suchte nach einer Organisation für die Herdebuchsoftware und einen Ort, wo wir DNA-Analysen machen lassen konnten. Wir mussten ein Herdebuchreglement aufstellen, den Rassestandard und das Zuchtziel formulieren, sowie Haltungsrichtlinien ausarbeiten. Da die Schweiz das einzige Land der Welt ist, welches ein Herdebuch für Yaks führt, konnten wir nirgends einfach alles übernehmen. Es war uns nur möglich, bei anderen Organisationen zu schauen, wie sie es machen, und dann für unsere yak-spezifischen Zwecke selbst neugestalten. Es war extrem viel Arbeit zu leisten. Alle waren aber mit viel Energie und Freude dabei.<br>Die erste GV nach der Gründungsversammlung fand am 17.04.2004 in Illnau/Effretikon statt. Es waren 27 Personen anwesend, davon waren es 15 Aktivmitglieder. Das erste Yakhaltertreffen fand am 9./10. Oktober 2004 bei Jürg Bernhard auf der Schmittneralp statt. Die 2. GV war von 29 Personen, davon 16 Aktivmitglieder und 2 Passivmitglieder, besucht und fand bereits in Olten statt. Das 2. Yakhaltertreffen fand am 8. Oktober 2005 bei Doris und Dölf Christen in Grafenort statt. Also am selben Ort wie das letztjährige Yakhaltertreffen (11. September 2022).<br>Heute zählt der Verein 77 Mitglieder, davon sind 67 Aktivmitglieder. Die Zahl der Aktivmitglieder hat sich mehr als vervierfacht.<br>Die inzwischen gut 20 Jahre vergingen für mich wie im Flug. Deutlich wie lange die Zeit eigentlich wirklich war, zeigt mir unsere Tochter Mia, welche inzwischen 21 Jahre alt ist und bei der Orientierungsversammlung in Andermatt gerade mal gut 8 Monate alt war. Das Feuer der Begeisterung für die Yaks brennt in mir nach wie vor. Gibt es etwas Schöneres, als bei Sonnenuntergang zu oberst auf der Alp zwischen der friedlich grasenden Yakherde zu sitzen, während das Tal unten schon im Schatten ist?<br><br><em>Safien, im April 2023 Angelika Bandli</em></p>

<p>Vereinsgeschichte Kleiner Rückblick auf den Beginn des SYV vor 20 Jahren, anlässlich des 20-jährigen Bestehens des Vereins am 20.4.2023 Im Januar 2002 bekam ich einen Anruf von Dr. Michael Buchmann. Es ging um Lamas und nebenbei kamen wir auf Yaks zu sprechen. Er sagte mir, dass ihm Sepp Zgraggen gesagt habe, dass es doch wichtig [&hellip;]</p>
